68 = -g + 5*m. List the prime factors of g.
17
Suppose 2*z - 39 - 790 = -5*u, -2*u - 6 = 0. List the prime factors of z.
2, 211
Suppose -2*v - 141 = 5*n, -n = 5*v - 4*n + 430. Let o = v + 168. Suppose 0*q = -5*q + o. List the prime factors of q.
17
Let v(c) = -c**2 - c - 1. Let r be v(-1). Let s = -11 - r. Let y = s - -19. List the prime factors of y.
3
Suppose 0 = 3*b + 12, 0*b - 132 = -3*x + 3*b. What are the prime factors of x?
2, 5
Suppose -4*m - 3 = -39. List the prime factors of m.
3
Suppose 4*r - 48 = -d, -2*r + 258 = 3*d + 2*d. List the prime factors of d.
2, 13
Suppose -z + 579 = 3*z - 5*y, -4*y + 150 = z. List the prime factors of z.
2, 73
Let z(j) = j**2 - 10*j + 10. Let q be z(9). Let f be 0 - (q*-6 + 2). Suppose -f*v + v + 27 = 0. What are the prime factors of v?
3
Suppose 3*b - 72 = -2*x, x + x - 4*b - 44 = 0. Suppose -4*i = -2*m - x, -20 = -2*i + 2*m - 0*m. List the prime factors of i.
5
Let x(i) = -34*i + 1. List the prime factors of x(-1).
5, 7
Let f = 600 - 425. Suppose 6*j - j = f. List the prime factors of j.
5, 7
Let w = -12 + 11. Let y = w - -18. List the prime factors of y.
17
Let f(s) = s**2 + 4*s + 3. Let b be f(-3). Let u be 0 - 1*(0 + b). Let x = 2 + u. What are the prime factors of x?
2
List the prime factors of 2/(-16) + 2 + (-4930)/(-16).
2, 5, 31
Suppose -11 = -7*c + 17. List the prime factors of c.
2
Let v be -2 + (23 - 2) + 1. Suppose 3*a - 18 = -5*p + v, -6 = -p + a. List the prime factors of p.
7
Let m(i) = -2*i - 9. Suppose -33 = 5*b - 3. Let q be m(b). Suppose q*d - 13 = 35. What are the prime factors of d?
2
Suppose -2 - 1 = q. Let x be 12/(-3) + 2 + 14. Let m = x + q. What are the prime factors of m?
3
Let i be 10 + (-8)/4 - 4. Suppose -o - 2 = 5*n - 3*o, 3*o - 3 = -n. Suppose -i = -2*v - n*v. What are the prime factors of v?
2
Suppose -2*k + 2 = -0*k. What are the prime factors of (1/3)/(k/6)?
2
Let x be 18*9/6 - 0. Suppose -x = -3*m + 27. What are the prime factors of m?
2, 3
Let i(h) = -3*h + 441. List the prime factors of i(0).
3, 7
Suppose 0*k + 4 = 2*k. Suppose 4*s - 2*t - 28 = 0, 13 = 2*s - k*t - 3. What are the prime factors of s?
2, 3
Suppose -4*a = -5*a + 23. What are the prime factors of a?
23
Let u = -3 - -6. Suppose 0 = u*h + h - 136. Let r = h - 20. List the prime factors of r.
2, 7
Suppose -61 + 16 = -3*u. Suppose 0 = -5*p - 5*f + u + 35, 2*p = 2*f. Suppose -4*l + 4 = p*y, -1 = y + 2*l + 3. What are the prime factors of y?
2
Suppose -29 = -4*t - 3*c + 145, -2*t + 76 = -4*c. List the prime factors of t.
2, 3, 7
Let g = 8 - 17. What are the prime factors of ((-3)/g)/(2/24)?
2
Suppose 5*z = -g + 29, 4*g - 93 = -0*z + 3*z. Suppose -w + 5*w = g. What are the prime factors of w?
2, 3
Suppose -5*j = 3*j - 1312. List the prime factors of j.
2, 41
Suppose 0 = 16*a - 18*a + 250. What are the prime factors of a?
5
Let x(n) = 20*n. Let t(k) = -3*k - 1. Let r be t(3). Let g = r - -11. List the prime factors of x(g).
2, 5
Let q = 1169 - 811. What are the prime factors of q?
2, 179
Let x = 30 + 56. What are the prime factors of x?
2, 43
Let p = -3 - -19. Let m = 28 - p. What are the prime factors of m?
2, 3
What are the prime factors of (60/(-20))/(1/(-4))?
2, 3
Let x = -14 - -28. Suppose 3*t = -t + 84. Suppose x = 5*r - t. List the prime factors of r.
7
Let z be 4/6*21/14. What are the prime factors of (-255)/(-21) - z/7?
2, 3
Suppose 0 = -0*d + 4*d. Suppose d*y = y - q - 1, 11 = y + 4*q. Suppose y*i + i - 16 = -4*z, -5*i - 3*z = -18. What are the prime factors of i?
3
Suppose 0 = 4*c + 5*c - 3393. What are the prime factors of c?
13, 29
List the prime factors of ((-8)/(-28))/((-3)/(-3171)).
2, 151
Let t(i) be the first derivative of -i**3/3 + 4*i**2 - 7*i + 3. Let s be t(5). Suppose -b + 6 = -s. List the prime factors of b.
2, 7
Let i be 18/(-15)*150/(-9). Suppose 0*z - 2*z + i = 0. Suppose 5*q = -0*q + z. List the prime factors of q.
2
Let o(q) = -q**3 - q**2 - 2*q - 1. Let u be o(-2). Suppose -u*m + 12 = -3*m. Suppose -y = 2*p + m, -5*y + 66 = -5*p + 6. List the prime factors of y.
7
Suppose -2*f + 280 = -0*f. What are the prime factors of f?
2, 5, 7
Suppose -13*o = -9*o - 676. What are the prime factors of o?
13
Let g(x) = -x**3 - 2*x**2 + x - 4. Let k be g(-3). Let r(a) = -a**3 + 4*a**2 - 2*a + 1. Let m be r(k). Suppose -m*i + 27 = 7. What are the prime factors of i?
2
Let b be 1/((-2)/42) - 0. Suppose 0*t = 5*t - 190. Let p = t + b. List the prime factors of p.
17
Suppose 2*h = -3*b + 45 + 100, -h + 4*b + 89 = 0. What are the prime factors of h?
7, 11
Suppose 5*m - 3*c = -0*c + 34, -m + 5*c = -20. Suppose 22 = m*d - 28. What are the prime factors of d?
2, 5
Let i(v) = 4*v - 3. Let h be i(2). Suppose -2*w + 5*q - 152 = -6*w, 3*w + h*q - 119 = 0. List the prime factors of w.
3, 11
Suppose -b = -2*b + 51. List the prime factors of b.
3, 17
Suppose v - 2 = 2. Suppose -15 = -t + v*m - 3, 0 = 2*t + 3*m - 2. List the prime factors of t.
2
Let h be (-1)/3*1*-9. Suppose -4*f + y = h*y - 52, -y = 4*f - 48. List the prime factors of f.
11
Let j(b) = -b**2 + 5*b - 2. Let u be j(4). Suppose -2*g + u + 4 = 0. List the prime factors of g.
3
Suppose 1 + 2 = 3*m. Let n = 6 - m. List the prime factors of 6*(n - (2 + 1)).
2, 3
Suppose 0*r + k = -r - 5, -9 = -3*k. Let w(v) = -2*v + 8. Let g be w(-8). Let n = r + g. List the prime factors of n.
2
What are the prime factors of (4 - (-1 + -40)) + 1?
2, 23
Let f(c) = -14*c**3 - 13*c**2 - 23*c + 13. Let j(k) = 5*k**3 + 4*k**2 + 8*k - 4. Let z(n) = -4*f(n) - 11*j(n). What are the prime factors of z(-7)?
13
Let j be (-8)/(1*(-2)/4). What are the prime factors of ((-21)/(-28))/(2/j)?
2, 3
Suppose 0 = -5*g - 10, -4*v - 66 = v + 3*g. List the prime factors of (-3)/v + (-31)/(-4).
2
Let d(j) = 4*j + 1. Let v(c) = c**2 + 2*c - 4. Let r be v(-3). Let b be 2*(9/6 + r). List the prime factors of d(b).
5
What are the prime factors of -39*-5*4/12?
5, 13
Suppose -8*u + 2*u - 36 = 0. Let c = 12 + u. What are the prime factors of c?
2, 3
Suppose 0*s + s = 0. Suppose 3*v + 10 - 4 = s. Let q = v - -13. What are the prime factors of q?
11
Let q(v) = v - 7. Let h be q(5). Let a(d) = -d**3 + d**2 - 3*d - 3. What are the prime factors of a(h)?
3, 5
Suppose 13*b = 16*b - 27. Suppose v - 16 - b = -4*m, m = 3*v - 36. List the prime factors of v.
13
Suppose 2*o = -o + 6. Suppose 0 = o*q - 8 - 2. Suppose b = 4, -y + 7 + q = -b. List the prime factors of y.
2
Let u(o) = -o**3 + 5*o**2 + 2*o - 5. Let y be u(5). Suppose 0 = -5*a + 3*n + 59, -a + 26 - 3 = y*n. What are the prime factors of a?
13
Let x(z) = 137*z**2 + z. Let g be x(-1). Suppose -29 = 2*m - 2*q - 103, -4*m + q + g = 0. What are the prime factors of m?
3, 11
Let w be (5*-1)/((-35)/14). Suppose -25 = -w*j + 1. What are the prime factors of j?
13
Suppose -138 = -h - h. What are the prime factors of h?
3, 23
Suppose 0 = 4*i + 4, 0 = -4*l + 2*i - 3*i + 131. What are the prime factors of l?
3, 11
List the prime factors of (3 + (-2 - 3))*-4.
2
Let n(m) = m + 1. Let h(k) = 2*k + 3. Let b(t) = 3*h(t) - 8*n(t). List the prime factors of b(-6).
13
Suppose 481 = 5*b + v, -2*b + 5*v + 202 = 3*v. Let r = b + -39. What are the prime factors of r?
2, 29
Let p = -250 - -371. What are the prime factors of p?
11
Let d(b) = -b - 9. Let m(r) be the first derivative of r**3/3 - 4*r**2 + 3*r - 3. Let y be m(5). What are the prime factors of d(y)?
3
Let y be (-20)/(-8) + 1/2. Suppose -22 = 2*f - y*f. What are the prime factors of f?
2, 11
Suppose 3*z - v = 4, -5*z = -2*v - 1 - 4. Suppose -2*p + z = -p. Let k = 0 + p. List the prime factors of k.
3
Suppose 0 = 2*q + u - 8 - 10, -2*u + 47 = 5*q. List the prime factors of q.
11
Suppose -3*k + 2*k = 0. Suppose 5*p - 3*f = 40, 2*f = -k*f - 10. Let s(m) = -m**3 + 5*m**2 + 4. List the prime factors of s(p).
2
Suppose -3*w = u - 5*w - 13, 0 = 3*u + 5*w + 5. Suppose 0 = 3*p - 8*p + 15, -a - u*p = -43. What are the prime factors of a?
2, 7
Suppose z + 3*h - 242 = -2*h, -4*z - h = -1006. What are the prime factors of z?
2, 3, 7
Suppose -4*a = -6*m + 2*m - 16, 0 = -2*m + 5*a - 14. What are the prime factors of (m/(-6))/((-7)/(-105))?
5
Suppose t + 3*t = 3*d - 13, -2*d = -3*t - 9. Let r = 0 - 0. Suppose -d*v - v + 19 = o, r = -2*o - 2*v + 26. What are the prime factors of o?
11
Suppose -20 = u + 4*u. Let s be (0 - -2) 